posite number?
False
Suppose -24*u = 25*u - 249487 - 26040. Is u a prime number?
True
Let s be (2 - 523) + 0 + 3. Let a = s + 843. Let k = a + -232. Is k composite?
True
Let b = 26 - 22. Suppose 0 = b*f - 5*z + 3, -f - 1 = -5*z - 4. Is (-4447)/(-7) - f/(-7) prime?
False
Let m(b) = -2*b**3 + 5*b**2 - 5*b + 67. Let t(z) = -14*z**2 + 2*z - 46 + 13 + z**3 + 11*z**2. Let s(h) = 2*m(h) + 5*t(h). Is s(14) a prime number?
True
Suppose 0 = -n + 3*p - p + 3708, 0 = -2*p. Let x = -6534 + n. Let r = -1120 - x. Is r a prime number?
False
Suppose t - 3*g = 123668, 202*g - 199*g + 989491 = 8*t. Is t a prime number?
False
Let h(u) = -515*u - 1598. Is h(-21) composite?
True
Is (-3)/((8472136/(-941348) - -9)*3) composite?
False
Let i be (7/(-5) - -3)/((-4)/(-10)). Let f be i/(3 - 7) - 4. Is (-1 - 0)*(f + -91*12) composite?
False
Suppose -6*i - 23521 = 9137. Let b = 17690 + i. Is b composite?
True
Let u = 1554 - 2347. Let d = 1347 + u. Suppose 149 = q - d. Is q prime?
False
Let m(j) be the third derivative of -3/8*j**4 + 1/30*j**5 + 8/3*j**3 - 20*j**2 + 0*j + 0. Is m(15) composite?
False
Let i(r) = -9*r**3 + 6*r**2 - 6*r + 4. Let u(a) = a**3 - 5*a**2 + 4*a - 3. Let h be (-40)/(-22) + 18/99. Let d be u(h). Is i(d) composite?
True
Let v(u) = 19371*u**2 - 96*u - 97. Is v(-12) prime?
True
Let n(u) = 12*u**2 + 2 - u - 23*u**2 + 12*u**2. Let o be n(1). Suppose -y - 2*s + 677 = 0, -3393 = -3*y - 2*y - o*s. Is y a composite number?
True
Suppose m - 285336 = -32*j + 37*j, 0 = -5*m - 2*j + 1426869. Is m a prime number?
False
Let x be 78/(-65)*10/(-6). Suppose 4*m - 2*m + 4*c = 156, -4*c = -x*m + 132. Suppose -2374 = m*p - 74*p. Is p a prime number?
True
Let m(o) = -o**2 + 7*o + 38. Let r be m(9). Suppose r*q = 11*q + 144. Suppose -12*h + q*h - 3676 = 0. Is h a composite number?
False
Let k(z) = -z**3 + 6*z**2 - z + 6. Let o be k(6). Suppose -4*v = -o + 12. Is (-44)/v*18/12 a composite number?
True
Let t(w) = -w**3 + 3*w**2 + 4*w + 5. Let z be t(4). Suppose 3*x - 2*q = -4, 0 = z*q + 3 + 2. Let a(u) = -1582*u - 1. Is a(x) a composite number?
False
Let j(x) = 74*x + 17. Let o(u) = 294*u + 69. Let z(a) = 15*j(a) - 4*o(a). Is z(-29) a prime number?
False
Let c = -86456 - -154519. Is c a composite number?
True
Suppose 19*x = 24*x + 165. Is x/22 + 6938/4 a prime number?
True
Suppose 2*q - 78050 = -4*n, -6*q + 58524 = 3*n - 9*q. Is n prime?
False
Suppose j = v + 142674, -2*v + 167273 + 546090 = 5*j. Is j a composite number?
False
Suppose 4*t - 5*l = 312601, 2*l - 68701 + 459448 = 5*t. Is t prime?
False
Let c(m) = m**3 + 19*m**2 - 9. Let i be c(-19). Let q(b) = b**2 + 13*b + 25. Let p be q(i). Let t = 40 - p. Is t a prime number?
False
Suppose 0 = -4*f, 3*j + j = 4*f - 25292. Is (3 - 1)/(5/(-10)) - j a composite number?
True
Suppose 3*p - 26 = 76. Suppose 2*d + p = 3*a, 6 = a - 0*d + 2*d. Is 1467/a*2 + 6/(-15) a prime number?
True
Let g = 3810 - 3077. Is g a composite number?
False
Let c(h) = 161201*h + 1684. Is c(5) a composite number?
False
Let f(r) = r**2 - 11*r + 19. Let x be f(5). Let n = 15 + x. Suppose -n*q + 1019 = -3*g, -3*q + 471 = 4*g - 312. Is q prime?
True
Let t be (0 - -4)/((-16)/(-8)). Let v(x) = 431*x - 5. Let n be v(t). Let i = -370 + n. Is i a composite number?
False
Let h = 27357 + 3266. Is h composite?
True
Let h = 91665 + -53156. Is h a composite number?
True
Let t(x) = 4*x**3 - 5*x**2 - 2*x + 7. Suppose u - 1 = 4. Suppose 2*v = -7*g + 2*g + 40, -u*g - 3*v + 45 = 0. Is t(g) composite?
True
Suppose -5*j = m + 1, 2*m = j - 0 + 9. Suppose 0 = -4*h - h + m*g + 699, 274 = 2*h - 3*g. Is h prime?
False
Let g(n) = 73*n**3 + 18*n**2 + 26*n - 11. Let o be g(-15). Is o/(-55) + (-2)/10 prime?
False
Is (1041682/(-2))/(24 + -17 + -8) a prime number?
True
Suppose -5*c - 2 = 5*y - 7, -y = -3. Let l be 5*(-36)/(-45)*c/(-4). Is l + 2 + 207*(19 + 0) prime?
False
Let y(m) = -m**3 - 3*m**2 - m + 4. Let t = -21 + 17. Let q be y(t). Is (6704/q*(-3)/(-2))/1 a prime number?
True
Let p(x) = -x**3 - 9*x**2 + 10*x - 4. Let h be p(-10). Let f be (-18)/h + 15/10. Suppose 5*y - 1925 = l - f*l, -2*l = 3*y - 766. Is l composite?
False
Let v(w) = -5879*w - 39. Let o be v(8). Let j = -27848 - o. Is j a prime number?
False
Let w = -137 - -140. Is 7563*(-3)/(-27)*w a prime number?
True
Let i = -868 + 2466. Is -2*i/8*-2 a prime number?
False
Let d be 12/30*20*1/4. Suppose -114184 = -6*t - d*t. Is t a prime number?
False
Let a be 2*-5*2/((-20)/(-15)). Is (2 - (-35)/a)/((-1)/5937) a composite number?
False
Suppose -2*u = -9*u + 35. Suppose 4 + 1 = -u*y. Is (2 - (y - -10))*-5 composite?
True
Let t(o) = 5*o**2 - 6*o - 1. Let b be t(-3). Suppose -b*q = -23*q - 375063. Is q a composite number?
True
Let y(d) be the first derivative of 5/2*d**2 - 19*d + 25 + 103/3*d**3. Is y(6) composite?
False
Suppose 3*k - 159838 = -9*k + 99782. Is k composite?
True
Let j(d) = 200*d**2 + 39*d - 99. Is j(-38) prime?
True
Suppose -3144 = -7*p + 34075. Is p prime?
False
Let l = 2173 - 1465. Let t = -714 + 259. Let x = l + t. Is x a prime number?
False
Suppose 31*q + 18 = 28*q, 3*t = -5*q + 52527. Is t prime?
True
Let n(g) = 2*g - 5. Let f be n(4). Suppose 5*m - 3*w = 1702, -6*m + f*m + 1022 = -w. Is m - 4*5/5 a composite number?
False
Suppose -10*g = -8*g - 816. Let v = g + 243. Let m = -74 + v. Is m a composite number?
False
Let x(b) = -4*b**2 + 5*b. Let d be x(2). Let p be ((-15)/18)/(-4 - 23/d). Suppose -4*h + 5192 = 5*y, -2*h = -p*y - 228 - 2398. Is h a prime number?
True
Let q(r) = 554*r**2 + 703*r + 98. Is q(13) prime?
False
Let p(k) = -2*k - 4*k**2 + 2*k**3 + 4*k**3 + 27 - 4*k**3 - 4*k**2. Is p(12) a composite number?
True
Let z = -688938 + 1263812. Is z a composite number?
True
Suppose -4*m - 145 = -161. Suppose b - 459 = -4*i + 800, m = i. Is b a prime number?
False
Is 62326/(-22)*-1*137 a composite number?
True
Suppose 0 = 2*n - 4*h - 48674, -5*n + 12*h = 14*h - 121685. Is n a prime number?
True
Suppose 186 = -3*c + x - 134, 4*x - 335 = 3*c. Let y = c - -4652. Is y a composite number?
False
Let q(w) = 2*w**2 - 9*w - 2. Let g be q(5). Suppose g*n = 9*o - 6*o + 612, 5*o - 198 = -n. Is n a prime number?
False
Is (-1 + (-3)/(-4)*2)*433677634/1391 prime?
True
Let s(p) = -p**2 + 30*p - 58. Let t be s(28). Is (-6*5752/(-240))/(t/(-10)) a composite number?
False
Suppose -7*r - 15 = -3*j - 8*r, -4*j = -3*r - 33. Is ((j - 0)/3)/(18/20997) composite?
False
Let l = -2732 - -118971. Is l a composite number?
False
Let d(i) = -110*i + 63. Let s be 2*(210/(-40) + (-2)/8). Is d(s) a composite number?
True
Is (106/(-954))/((-2)/20151270) a prime number?
False
Suppose 4*l = a - 124, 5*a = -5*l - 27 - 103. Is 160*11 - l/(-30) composite?
False
Let w = 18709 - 9277. Let c = w - 3479. Is c composite?
False
Let k(c) = 5851*c + 2137. Is k(20) prime?
False
Suppose 5*n = -2*i + 6173, 73*n = 75*n + 2*i - 2462. Is n a prime number?
True
Let u(o) = 942*o**2 - 70*o. Let x be u(7). Let z = 66727 - x. Is z prime?
True
Suppose -5*c - 2*n + 18 = 0, 2*n = 4*c + 4*n - 14. Let o(i) = 408*i**2 + 15*i + 7. Is o(c) a composite number?
True
Let w = 53 + -47. Let z(x) = 60*x + 17. Let g(k) = -59*k - 17. Let f(y) = w*g(y) + 5*z(y). Is f(-8) a composite number?
True
Let w(t) be the second derivative of -2/3*t**3 - 14*t + 5/2*t**5 + 1/6*t**4 + 0 + 3/2*t**2. Is w(2) a composite number?
True
Suppose 0 = 2*a + 15452 + 19370. Is 3/((-3)/a)*(-2)/(-2) composite?
True
Suppose -k + 29 = -5*g, -5*k + 5*g - 4 + 49 = 0. Suppose 5*u + 561 = 4*w, 0*w + k*u - 248 = -2*w. Suppose s = 0, 4*j - 3*j - w = 5*s. Is j a composite number?
True
Suppose 27*s - 22*s - 35 = 0. Suppose -12*n + s*n = 15. Is 40/3 + (-2)/n prime?
False
Let a = -20 + 23. Suppose 2907 = a*k - 2211. Suppose -3*r + 2730 = 3*l, -2*r + k + 115 = l. Is r prime?
True
Suppose -2*k = -3*c - 246, -5*k + 66 + 575 = -c. Suppose -125*b + k*b - 4196 = 0. Is b a prime number?
True
Let f(n) = 1036*n**2 + 3*n - 215. Is f(-36) prime?
True
Suppose 0 = 19*j - 25*j + 72. Is 3/24*j*4798/3 composite?
False
Suppose -108*i - 11373 = -111*i. Let y = -2649 + i. Is y a prime number?
False
Let r = 360 - 223. Let o = 5284 - r. Is o a composite number?
False
Let n(b) = -144*b - 33 + 107*b - 1. Is n(-11) composite?
False
Suppose -33 = 8*c - 25. Is 1543*(-10 + 8)/(c*2) prime?
True
Suppose 36*x - 2899262 - 398225 = 11897429. Is x pri